7 is divided by y?
13
Let d(s) = -6*s + 61. Suppose 0 = 5*i + 5*w - 30, 2*w + 3*w + 15 = 0. What is the remainder when 116 is divided by d(i)?
4
What is the remainder when 9871 is divided by (-144)/(-40)*70/21 + 4?
15
Let k(y) = 15*y + 271. Let o(s) = -s**3 + 9*s**2 - 16*s + 129. Let d be o(9). What is the remainder when 1425 is divided by k(d)?
45
Suppose 24*a + 159 = 25*a. Let w be 1/2*(5 + -5)/4. Calculate the remainder when a is divided by w + 1/2 - 135/(-6).
21
Let c = 493 + -386. Calculate the remainder when 612 is divided by c.
77
Let y = 33 + -21. Let b = -118 - -118. Suppose 22*h - 33*h + 33 = b. What is the remainder when y is divided by h?
0
Let p(g) = 1306*g**2 + 147*g - 287. Calculate the remainder when p(2) is divided by 8.
7
Let j(d) = 7*d - 3. Let w = 113263 - 113249. Calculate the remainder when j(8) is divided by w.
11
Let c = -406 - -408. Calculate the remainder when 22 is divided by 10 + -1 + 4 + c/(-1).
0
Suppose 92*f - 36*f - 1023 = 1833. What is the remainder when f is divided by 17?
0
Calculate the remainder when 786 is divided by 600/(-375)*155/(-1).
42
What is the remainder when 1802/(-51)*((-243)/6)/3 is divided by 21?
15
Suppose -43 = -a - 5*z, 0*a - 2*a - 5*z + 71 = 0. What is the remainder when ((-66)/(-12))/((-5)/(-330)) is divided by a?
27
Calculate the remainder when 1095 is divided by (-1 + -341)*((-4)/10 - 912/1520).
69
Let v = -6 + 15. Suppose 3*u + 4 = -4*p, -2*u - 3*p + 2 = -u. What is the remainder when ((-2)/(-4))/(u/(-232)) is divided by v?
2
Suppose 2*i + 333 = -5*f, 0 = -11*i + 13*i + f + 337. Let r = -67 - i. What is the remainder when r is divided by 13?
11
Suppose 37 = x - 42. Suppose -2*c + 650 = 8*c. Let d = x - c. What is the remainder when 25 is divided by d?
11
What is the remainder when 3629 - ((-29)/(-7) + 30/(-210)) is divided by 49?
48
Let s(i) = -i**2 + 19*i + 4. Let j be s(18). Calculate the remainder when (62 + -66)*j/(-8) is divided by 2.
1
Let t = 383 - 223. Calculate the remainder when 1112 is divided by t.
152
Suppose -18 = -l + 1. Let v(s) = -3*s + 60. Let i be v(l). Suppose 5*h = i*h + 54. Calculate the remainder when 80 is divided by h.
26
Let z(v) = v**3 + 20*v**2 + 17*v - 35. Let c be z(-19). Calculate the remainder when (-6 + -462)/(-4) + c is divided by 34.
18
Suppose -400 = -4*s - 18*i + 16*i, 0 = s - 3*i - 100. What is the remainder when 723 is divided by s?
23
Let o = 11 - -3. Let g be 8/12 + (1 - (-32)/6). Let x = g + o. Calculate the remainder when x is divided by 14.
7
Let i(n) = n**3 - 11*n**2 + 21*n + 8. What is the remainder when 1174 is divided by i(9)?
19
What is the remainder when (-168)/(-126) + 6333/9 is divided by 331?
43
Let t(d) = 3*d**2 + 6*d + 6. What is the remainder when 73 is divided by t(-5)?
22
Suppose -4*m + 71 - 3 = 0. What is the remainder when (-18)/(-24) + 735/12 is divided by m?
11
Let x = 36 - -2. Suppose -6*j + 106 = -x. Calculate the remainder when 62 is divided by (-2)/(-6) + 760/j.
30
What is the remainder when 107 is divided by ((-1267)/543)/(2/(-90))?
2
Let y(j) = -4*j**3 + j**2 + 2*j - 1. Suppose 365 = 66*m - 71*m. Let x = 164 + m. Calculate the remainder when x is divided by y(-2).
29
Let b(o) = -4*o**3 + 4*o**2 + 3*o + 2. Let a be ((-15)/(-20))/((-1)/(-324)). Let l = a - 115. What is the remainder when l is divided by b(-2)?
40
Suppose a + 4 = 3*q, -4*q - 3 = -5*a + 21. Calculate the remainder when -1*(-90 + (-6)/2) is divided by a.
5
Let k(l) = 4*l - 53. Let h be k(15). Suppose -45 - 39 = -h*b. What is the remainder when 92 is divided by b?
8
Suppose 4*i - 8 = 0, 2*q = 7*q - 5*i - 85. Suppose 5*m - 814 = -2*z, 2*m - 2*z - 316 = 2*z. Suppose 3*p + 0*p = m. What is the remainder when p is divided by q?
16
Let w(r) = -7*r - 4. Let o(u) = u**3 + u**2 - 100*u - 17. Let m be o(10). Suppose -m*f + 36 = -77*f. What is the remainder when w(-6) is divided by f?
2
Suppose -a + i + 59 + 23 = 0, 2*i - 10 = 0. Let b be ((-8)/20)/((-6)/660). Suppose -14*u + 18*u = b. Calculate the remainder when a is divided by u.
10
Let j = -10 + 15. Let f be 20/(-50) - (1 - 17/j). Suppose 2*p = v - 24, p + 0*p + 42 = f*v. Calculate the remainder when v is divided by 8.
4
Let u = -178 - -173. Let r(j) = -2*j**2 + 55. Calculate the remainder when 48 is divided by r(u).
3
Suppose 28*o - s = 30*o - 2402, 3*s = 2*o - 2426. What is the remainder when o is divided by 49?
28
Calculate the remainder when (7 + 2 + -123)*(-2)/(12/87) is divided by 138.
135
Suppose -5*m + 10*m = 3*y + 216, -84 = -2*m + 2*y. Calculate the remainder when 1033 is divided by m.
43
Let l = 370 - 557. Calculate the remainder when 121 is divided by 39 - (527/l - (-2)/(-11)).
37
Suppose 248 = 35*r - 907. Calculate the remainder when 1314/10 + (-8)/20 is divided by r.
32
Suppose 0 = -4*h - 4*i + 640, 4*i - 357 = -2*h - 23. Calculate the remainder when 590 is divided by h.
131
Let j(z) = 9*z**2 + 4*z + 7. Let a be j(5). Suppose -x - x + a = 0. Calculate the remainder when x is divided by (8/(-128))/((-3)/762) + 1/8.
14
What is the remainder when 92 is divided by -6 + 21/(-2)*60/(-35)?
8
Let i = -423 - -489. Suppose 14*o = -15*o + 493. What is the remainder when i is divided by o?
15
Suppose 5*d + 1532 = 4*f + 340, -4*d + 544 = 2*f. Suppose -2*a + 58 + 0 = 0. What is the remainder when f is divided by a?
27
Let j(o) = -o**3 + 15*o**2 + 103*o + 5. Calculate the remainder when j(-6) is divided by 20.
3
Suppose 0 = n + 4*n - 75. Let i = 214 + -213. Let j(y) = 296*y + 32. What is the remainder when j(i) is divided by n?
13
Suppose -52 = 3*t - 4*t. Let f = -579 - -581. Suppose 0*d - f*d = -t. Calculate the remainder when 100 is divided by d.
22
Let o(u) = -3*u**2 - 53*u + 66. Let c(d) = d**2 + 18*d - 22. Let a(s) = -8*c(s) - 3*o(s). What is the remainder when 44 is divided by a(-17)?
8
Suppose -7*z - 4422 = -29*z. Let a = z - 179. Suppose 4*s - 239 = 97. What is the remainder when s is divided by a?
18
Let z(q) = -91*q - 27. Let c(k) = -k**2 - 53*k - 453. What is the remainder when z(-5) is divided by c(-12)?
38
Let m = -2758 - -4925. Suppose 0 = 13*i - m - 680. Calculate the remainder when i is divided by 10.
9
Suppose -30*w + 34*w = 2*a - 444, 4*a - 912 = 2*w. Calculate the remainder when a is divided by 14.
6
Suppose 5*l - 20 = 5*x, 2*l - 3*x - 2*x - 5 = 0. Suppose -l*p - 2 = -32. Suppose 4*r = 6*r - 18. Calculate the remainder when r is divided by p.
3
Let f = 4289 + -4268. Suppose 5*d + 410 = 5*t, d + 0*d = 1. What is the remainder when t is divided by f?
20
Let d(n) = 2*n**2 - 178*n - 5803. Calculate the remainder when d(-35) is divided by 8.
5
Let c be ((-3)/3)/((-8)/(-104)). Let j(t) = -t**3 - 4*t**2 - t + 6. Let a be j(-5). Let y = a + c. What is the remainder when y is divided by 4?
3
Suppose 8*j + 12024 = -28*j. Let g = j + 425. What is the remainder when g is divided by 25?
16
Suppose 27*s - 5*s + 4*s - 3136 - 1154 = 0. Calculate the remainder when s is divided by -1*(34/(-1) - 0).
29
Suppose -16*a - 4191 = -14847. What is the remainder when 255 is divided by ((-2)/(-6))/(4 - 2658/a)?
33
Suppose 4*i = -r + 539, -2*r - i = -0*i - 1064. Suppose -16*b = -7*b - r. What is the remainder when b is divided by 20?
19
Suppose 218 + 118 = 6*l. Let b = l - -1. Calculate the remainder when 168 is divided by b.
54
Let x(j) = -j**3 - 12*j**2 - 6*j + 60. Let g be x(-11). Suppose -g*v = 2*o - 97, 4*v + 17 = 5*v + o. Calculate the remainder when 62 is divided by v.
20
Let w = -536 - -599. Let f = w + -48. Calculate the remainder when 537 is divided by f.
12
Let s(k) = k**3 + 3*k**2 - 4*k + 3. Suppose -x - 1 - 3 = 0. Let t = 58547 - 58537. Calculate the remainder when t is divided by s(x).
1
Suppose y + 455 = -4*y. Let r = -85 - y. Suppose -a + 0*a - 5*d = -13, 5*a + d = 17. What is the remainder when r is divided by a?
0
Let u = 60 + -33. Let l be ((-180)/u)/((-3)/(-252)). What is the remainder when 91 is divided by 1/(-3) - l/24?
22
Suppose 319*s + 313*s - 637*s + 980 = 0. Calculate the remainder when 407 is divided by s.
15
Let i(l) = -27*l + 184. Let r be i(6). Suppose 3*x = t + r, -2*t - 12 = x - 3*x. What is the remainder when 37 is divided by x?
5
Let a(z) = 4*z**2 + 14*z - 5. Suppose 5*w - 5*b = 235, -4*w - b = -281 + 103. What is the remainder when w is divided by a(-5)?
20
Suppose 122*j = -88*j + 273